, 0 = 4*d + d. What is the units digit of t - 3/1 - -3?
6
Let x be (10 - 0) + -4 - 2. Suppose -5*m + x*f = -140, -4*m = 4*f - 2*f - 138. What is the tens digit of m?
3
Suppose 4*r - y = 4*y - 81, -132 = 5*r + 4*y. Let i(v) = -2*v - 4. Let l be i(6). Let c = l - r. What is the units digit of c?
8
Let r be 5/(-4)*(-12 + 0). Let g be 10/r + (-2)/(-6). Suppose -14 = -c + g. What is the tens digit of c?
1
Let p(j) = j**3 - 6*j**2 - 7*j - 19. What is the tens digit of p(8)?
5
Suppose 15 = 5*g - 0. Let l = 4 - g. What is the units digit of l?
1
Let z = 16 + 5. What is the units digit of z?
1
Suppose 80 + 30 = 5*q. What is the tens digit of q?
2
Suppose 0 = -2*a + 98 + 6. Suppose -n + a = 2*m, -27 - 41 = -3*m + n. What is the units digit of m?
4
Let s be 53/(-11) - 16/88. Let z(k) = k + 13. What is the units digit of z(s)?
8
Suppose 0 = 4*r, -42 = -g - 5*r + 44. What is the tens digit of g?
8
Suppose 0 = 4*m - 2*g - 18, 0*m + m + g = 3. Suppose -5*w = -q - 0*q - 12, w + 3*q + 4 = 0. Suppose -w*z - 2*z = -m. What is the units digit of z?
1
Suppose -6*z + 3*z + 84 = -t, -3*t = 5*z - 126. Suppose -2*v + 5*k = -z, -3*v + 15 = 2*v - 2*k. What is the units digit of v?
1
Suppose -1 = d - 3*i, -2*d - 5 = i - 17. Suppose -5*f - d = u, 0 = -4*f + 3*u + u + 20. What is the units digit of (12 + f)*2/3?
8
Let n = -15 + 26. What is the tens digit of n?
1
Suppose 7*t = 615 + 813. What is the tens digit of t?
0
Let q(r) = 8 + r**2 + 2 + 6*r - 3. Let j be q(-5). What is the units digit of (24/9 - j)*6?
4
Suppose 11 = 2*h - r, 5*r + 25 + 6 = 4*h. Suppose -5*k - 5*z + 22 = -23, 0 = k + h*z + 3. What is the tens digit of k?
1
Suppose -2*a + 3*g - 3 = 10, g = -5. What is the units digit of (-42)/(-4)*(-24)/a?
8
Suppose 24*q = 21*q + 21. What is the units digit of q?
7
Let o = -106 + 185. What is the tens digit of o?
7
Let y(j) be the second derivative of j**4/6 + j**3/3 + j**2 - j. What is the units digit of y(-2)?
6
Let r(a) = 22*a + 23. What is the units digit of r(5)?
3
Let p = 119 + -38. What is the tens digit of p?
8
Suppose 5*q + x - 54 = 0, -3*q + 4*x + 32 + 5 = 0. What is the units digit of (q - (3 - 3)) + -3?
8
Let s(f) = 2*f - 8*f - 3 + 1 - 1. What is the units digit of s(-2)?
9
Suppose 4*r + 1 = v + r, 3*v + 13 = r. Let b = v + 5. Suppose -3*t + 9 = -b*t. What is the units digit of t?
3
Let u(m) = -5*m - 2. Let d be u(-1). Let l(c) = 10*c - 3. What is the units digit of l(d)?
7
Let j be -3 - (-3 - -9)/(-2). Let b be (j - (1 + -4)) + 93. Suppose 2*c - 19 = 3*z - 86, b = 4*z - 4*c. What is the tens digit of z?
1
What is the tens digit of -4*(-1)/(-2) + 47?
4
Suppose 3*p + 3*v = -150 + 420, 3*p + 4*v - 274 = 0. What is the tens digit of p?
8
Let f(y) = -29*y + 12. Let d be f(-5). Suppose -4*n - 5*m + 101 = 0, -m + 5*m = 5*n - d. What is the units digit of n?
9
Suppose -309 = -4*h + 231. What is the hundreds digit of h?
1
Let q = -23 + 35. Suppose 0 = 5*a - 262 + q. What is the tens digit of a?
5
Let r(m) be the first derivative of m**4/4 + 5*m**3/3 + 2*m**2 + 2*m + 1. Suppose 7*o + 16 = 3*o. What is the units digit of r(o)?
2
Suppose -3*v + 693 = 4*g, -3*g - g = -4*v + 952. What is the tens digit of v?
3
Let w = -14 - -63. What is the units digit of w?
9
Let d(g) = -g**3 - 7*g**2 - 4. Let j be d(-7). Let x = j - -11. What is the units digit of x?
7
Suppose -3*g + 5*y = -g - 104, 4*g - 4*y = 232. Let t = 102 - g. What is the units digit of t?
0
Suppose 2*v = -3*h + 27 + 42, 0 = -v + 3*h + 21. What is the tens digit of v?
3
Let p(l) = 4*l + 7 + 2*l**2 + 0*l**2 - l**2. What is the units digit of p(-6)?
9
Let q(c) = c**2 - 9*c. Let t(l) = l**2 + 4*l + 5. Suppose -10 = 5*m + 15. Let u be t(m). What is the tens digit of q(u)?
1
Suppose 0 = -z - 3*z + 20. Suppose -z*c + 6 = 2*p - c, 5*c = 3*p - 9. Suppose -36 = -p*l - 4*r, -3*r - 6 = -5*r. What is the units digit of l?
8
Suppose -4*a + 61 = -r, -r - 75 = a - 6*a. What is the units digit of a?
4
Suppose 0*t + 22 = 2*t. What is the units digit of t?
1
Let n(o) = o**2 - 7*o - 14. What is the tens digit of n(-7)?
8
Suppose 0*i + 6 = 2*i. Let r = i - 1. What is the units digit of r?
2
Suppose -64 = -4*x - 8. Suppose 2*k + 3*g + x = 5*g, -k = g + 9. Let h = k - -13. What is the units digit of h?
5
Suppose 8*j = 9*j - 18. What is the units digit of j?
8
Let p = -1 - -4. Suppose -p*z + 3*d = -24, 2*d + 13 = z + 1. What is the units digit of z?
4
What is the units digit of (17/68 - (-1)/(-4)) + 209?
9
Suppose -2*t + 123 = -19. What is the tens digit of t?
7
Let k(l) = 7*l - 4 + 2 + 1 - 3*l**2 - l**3. What is the tens digit of k(-5)?
1
Suppose -2*m - 5*x = -0*x - 37, 0 = -x + 3. Suppose 5*c = m + 24. What is the units digit of c?
7
Let g be 3/12*4 + 20. Let w = 50 - g. What is the units digit of w?
9
Let s = -4 - -5. Let o(f) = 6*f**2 - f. Let z be o(s). Suppose -1 = -z*m + 39. What is the units digit of m?
8
Let n(t) = -27*t**3 + 2*t**2 - 1. Let o be n(-1). Suppose 0 = 5*h - 7*h + o. What is the tens digit of h?
1
Let v = 30 + -20. What is the tens digit of v - ((-4)/2 - 0)?
1
Let t be (3 - -1)/(2 + -1). Suppose t*v + 5*n - 38 = 0, -5*v + 24 = 5*n - 21. Suppose 0 = -5*r + v + 23. What is the units digit of r?
6
Suppose 0*g + 2*g + 2*a + 4 = 0, 0 = -5*g + 3*a - 10. What is the units digit of g + 3 - (-2)/2?
2
Suppose 0 = -2*u, 3*o + 5*u = 4 + 2. Suppose -4*s + o*s = -2. What is the units digit of s?
1
Let r(d) = 0 + 1 - 3 - d**3 - d**2 + 0. Let i be r(-2). Suppose -f - 1 = 5*s, -5*f + 3*s - i*s + 21 = 0. What is the units digit of f?
4
Let x be 6/(-6) - 11*7. What is the units digit of 6*(x/(-4))/3?
9
Suppose 0*y = 2*y - 152. What is the tens digit of y?
7
Suppose -4*l + 222 = -2*l. What is the hundreds digit of l?
1
Suppose 0 = 4*m + 2*h - 16, 5*m + h + 3*h = 20. Suppose 43 = -0*s + 4*s - 3*x, 38 = 2*s + m*x. What is the tens digit of s?
1
What is the units digit of (168/(-10))/((-18)/135)?
6
Let l(o) = -166*o + 6. What is the units digit of l(-1)?
2
Let n = -5 - -8. Let w = -12 - -16. Suppose w = n*h - h, l + 2*h - 11 = 0. What is the units digit of l?
7
Suppose 2*p - 746 = -2*z, 3*z = p - 3*p + 747. What is the tens digit of p?
7
Let j be (4 + -1 - 4)*-12. Suppose j = 4*d + 4*q, d + 4*d + 5 = 5*q. What is the units digit of d?
1
Let c(g) = 3*g - 2. What is the units digit of c(10)?
8
Suppose 356 = 5*r - 4*h, 4*r - 5*h - 346 + 63 = 0. Suppose 17 = -5*u + r. What is the tens digit of u?
1
What is the tens digit of ((-140)/25)/(4/(-10))?
1
Let w = -35 + 45. What is the units digit of w?
0
Let b = 473 - 321. What is the units digit of b?
2
Let b = 38 + -34. What is the units digit of b?
4
Let s(y) = -y**2 + 9*y - 8. Let q(u) = -u - 8. Let n be q(-7). Let k be 8/1 - (n + 3). What is the tens digit of s(k)?
1
Let p be -2 - -1 - (-2)/(-1). Let t(d) = -d**3 - d**2 - 1. What is the units digit of t(p)?
7
Let s be (-4)/10 + 47/5. Suppose -66 = -3*b + s. What is the tens digit of b?
2
Let p(s) = 24*s + 1. Suppose -h + 5*h = 4. Let n be p(h). Suppose -42 = -2*q + 3*r, 0 = -q + 4*r - 4 + n. What is the units digit of q?
1
Let m = -20 - -25. What is the units digit of m?
5
Let b be 1/(3*(-3)/(-27)). Suppose b*a = 5 + 19. What is the units digit of a?
8
Let q(k) = 3*k + 1. Suppose -4*c + d = 2*d - 5, -5*c + 13 = -d. What is the units digit of q(c)?
7
Suppose 8*o = 632 - 136. What is the units digit of o?
2
Suppose 4*i - 7 = -5*c, 4*c - 18 + 4 = i. What is the units digit of 1*(20/2 + i)?
8
Let l(h) = h**2 - 7*h + 9. Let z = 8 - 3. Suppose z*b - 1 = 29. What is the units digit of l(b)?
3
Let z(x) = -x**2 - 3*x + 2. Let j be z(-2). Suppose 2*w - j*i + 2 = 0, 0 = 4*w - 4*i + 8*i + 28. What is the units digit of 1*7 + (w - -7)?
9
Let d(c) = -2*c - 1. Let v be d(6). Let i = v + 32. What is the units digit of i?
9
Suppose -2*x - 136 = -6*l + 2*l, 3*l = -5*x + 76. Suppose -2*a = 3*r + a - 3, -r = -4*a + 4. Suppose r = 4*o - 8 - l. What is the tens digit of o?
1
Let r(t) = 6*t**3 + 2*t**2 - 2*t + 1. Let j be r(1). Let q = j + 1. Suppose q*k - 3*k = 15. What is the units digit of k?
3
Let d(y) = -y**2 + 4*y. Let m be d(4). Suppose m*b - 10 = -2*b. What is the units digit of b?
5
Let m(y) = -5 - 5 - 2 - y + 5. Let v be m(-11). Let d = 4 + v. What is the units digit of d?
8
Let x be 3 + -6 - 4 - 1. Let n = x + 5. Let q = 17 - n. What is the units d